
False
Is 331562897 prime?
True
Is 11176423 composite?
False
Is 492330101 composite?
False
Is 39383213 composite?
False
Is 9003647 prime?
True
Is 5050349 a composite number?
False
Is 536164651 a prime number?
False
Is 226231 composite?
False
Is 5369207 prime?
True
Is 76329379 prime?
False
Is 2677817 a prime number?
True
Is 3714514 prime?
False
Is 1526069 prime?
True
Is 15091993 a prime number?
False
Is 174858913 prime?
True
Is 12247709 a prime number?
True
Is 6743227 prime?
False
Is 10422842 composite?
True
Is 423076642 a composite number?
True
Is 30093641 prime?
True
Is 147024679 a prime number?
False
Is 2027269 prime?
True
Is 3600337 composite?
True
Is 120121 a composite number?
False
Is 6449617 a prime number?
True
Is 19191737 a composite number?
True
Is 235771357 composite?
False
Is 25627177 a composite number?
True
Is 6055411 a composite number?
True
Is 13160777 a composite number?
True
Is 36790751 composite?
False
Is 12545213 a composite number?
True
Is 47054923 a composite number?
True
Is 355013369 composite?
True
Is 3247759 prime?
True
Is 1033939 a composite number?
True
Is 2605319 a composite number?
False
Is 496574149 a composite number?
True
Is 140633 a composite number?
True
Is 3672563 prime?
True
Is 151435043 a composite number?
True
Is 27519377 a composite number?
False
Is 3926911 a prime number?
True
Is 3398543 composite?
False
Is 73798699 a prime number?
False
Is 376039291 a prime number?
False
Is 3508111 a composite number?
False
Is 585079 a prime number?
False
Is 31554119 a prime number?
False
Is 137032241 a composite number?
True
Is 68271397 a prime number?
True
Is 7502461 a composite number?
False
Is 63059149 composite?
False
Is 77289983 a prime number?
True
Is 6133987 prime?
True
Is 1399771 prime?
False
Is 1497026 a composite number?
True
Is 73369334 prime?
False
Is 249187027 a prime number?
False
Is 716621 a prime number?
True
Is 878137595 a composite number?
True
Is 26784607 a prime number?
True
Is 197135429 a composite number?
False
Is 78608557 prime?
True
Is 10795769 a composite number?
False
Is 1778919 a prime number?
False
Is 8033 prime?
False
Is 450276893 prime?
False
Is 1163885 composite?
True
Is 2809138 a prime number?
False
Is 7577533 a prime number?
False
Is 32019577 prime?
False
Is 74038919 a composite number?
True
Is 5951651 a composite number?
True
Is 103346123 a composite number?
True
Is 111312769 composite?
True
Is 54587147 a prime number?
True
Is 1060861 a prime number?
True
Is 79781497 a composite number?
False
Is 4165003 composite?
True
Is 103674434 prime?
False
Is 18895 a composite number?
True
Is 8732326 a prime number?
False
Is 164251831 a composite number?
False
Is 10818979 a composite number?
False
Is 649379 a prime number?
True
Is 81500621 prime?
False
Is 20673427 a prime number?
True
Is 41104769 composite?
True
Is 48811877 prime?
True
Is 1255321 a prime number?
True
Is 953748827 prime?
False
Is 18316031 prime?
True
Is 6467371 prime?
True
Is 48310154 prime?
False
Is 39651383 a prime number?
False
Is 438115207 prime?
True
Is 43460651 composite?
True
Is 5348789 a composite number?
True
Is 2503793 a composite number?
True
Is 34003097 a prime number?
False
Is 1084351 prime?
False
Is 7772833 prime?
True
Is 88246901 prime?
True
Is 44611781 a prime number?
True
Is 1760743943 prime?
False
Is 94567 composite?
True
Is 1223903 a prime number?
False
Is 9019447 composite?
False
Is 3459821 prime?
False
Is 270892445 composite?
True
Is 5306219 a prime number?
True
Is 49926229 a composite number?
True
Is 75412261 a prime number?
False
Is 31129117 prime?
False
Is 30801511 composite?
True
Is 8342711 prime?
False
Is 8915767 prime?
False
Is 10497814 composite?
True
Is 515130097 a composite number?
False
Is 5420561 a prime number?
False
Is 993913 prime?
True
Is 7051 prime?
False
Is 3257491 a prime number?
False
Is 65089579 a composite number?
False
Is 1733059 a prime number?
False
Is 57209747 composite?
True
Is 20011214 composite?
True
Is 6232199 a composite number?
False
Is 18124723 a composite number?
True
Is 3319727 a composite number?
False
Is 8431285 a prime number?
False
Is 5742433 prime?
False
Is 14252401 a prime number?
True
Is 492311029 a prime number?
False
Is 31482001 composite?
True
Is 273777499 prime?
True
Is 35123083 a composite number?
False
Is 48786883 prime?
True
Is 18551513 composite?
True
Is 561899029 a prime number?
False
Is 84793109 prime?
False
Is 642385 composite?
True
Is 12220871 a prime number?
False
Is 37093543 composite?
False
Is 9172819 a composite number?
True
Is 12752137 composite?
False
Is 680489 a composite number?
False
Is 135612223 composite?
False
Is 1620653 a prime number?
False
Is 11982513 prime?
False
Is 4378193 a composite number?
True
Is 1292887 a composite number?
False
Is 215123383 a composite number?
False
Is 30094117 a composite number?
False
Is 2685257 prime?
True
Is 389657 prime?
False
Is 63540779 a composite number?
True
Is 5981837 a composite number?
True
Is 1222063 composite?
False
Is 132965887 a composite number?
True
Is 779809 a composite number?
True
Is 2219311 a composite number?
True
Is 64736699 composite?
True
Is 5130913 composite?
False
Is 1924337 composite?
True
Is 21580387 a prime number?
False
Is 10108499 prime?
True
Is 35605477 prime?
True
Is 6932489 prime?
True
Is 168889151 composite?
False
Is 68082515 prime?
False
Is 27356699 prime?
True
Is 9897659 prime?
False
Is 73265807 composite?
False
Is 452201 prime?
True
Is 9780422 composite?
True
Is 76343 prime?
True
Is 33133937 a composite number?
True
Is 18348313 a composite number?
True
Is 1649353 composite?
True
Is 6150577 composite?
False
Is 97762423 a prime number?
False
Is 151558387 prime?
False
Is 50234521 a composite number?
True
Is 132440683 a composite number?
True
Is 122586742 composite?
True
Is 34815565 a prime number?
False
Is 16750211 a composite number?
False
Is 291278297 a composite number?
True
Is 701027693 composite?
False
Is 647618093 a composite number?
True
Is 1039561 a composite number?
True
Is 7812517 composite?
True
Is 718381 a prime number?
True
Is 346163555 composite?
True
Is 473753 prime?
False
Is 413891 a prime number?
False
Is 58336787 a composite number?
False
Is 71705587 composite?
True
Is 2077907 a prime number?
False
Is 11535067 a composite number?
False
Is 3514349 a composite number?
False
Is 4341989 prime?
False
Is 4016717 composite?
True
Is 166537801 a prime number?
True
Is 15952669 a composite number?
False
Is 20251769 a prime number?
True
Is 115732091 a prime number?
False
Is 707270339 a composite number?
False
Is 156783961 composite?
False
Is 85436773 prime?
True
Is 35840633 prime?
False
Is 5529281 a prime number?
False
Is 23876167 prime?
False
Is 6354703 a prime number?
True
Is 118057453 composite?
False
Is 35191787 a composite number?
False
Is 18398 composite?
True
Is 12876137 a composite number?
False
Is 722087 a composite number?
True
Is 333953107 composite?
False
Is 70420391 a prime number?
False
Is 10188943 a composite number?
False
Is 18124919 a composite number?
False
Is 37755437 composite?
False
Is 6398407 composite?
True
Is 43997341 composite?
True
Is 28073599 a prime number?
True
Is 10286701 prime?
True
Is 904157 prime?
True
Is 260111561 prime?
True
Is 27519941 a prime number?
True
Is 3400949 a prime number?
True
Is 9404557 a composite number?
True
Is 97668047 a prime number?
False
Is 273148411 prime?
False
Is 2576983 prime?
True
Is 227305469 composite?
False
Is 26147323 a composite number?
False
Is 31984969 prime?
True
Is 652824253 composite?
False
Is 94559 a composite number?
False
Is 6405145 composite?
True
Is 2803499 prime?
False
Is 9276469 a prime number?
True
Is 7516203 a prime number?
False
Is 10583329 prime?
True
Is 317841883 a prime number?
False
Is 50143426 composite?
True
Is 96929789 a prime number?
False
Is 82194929 a prime number?
True
Is 40305193 a prime number?
True
Is 5952119 prime?
False
Is 2586911 prime?
True
Is 67447651 prime?
True
Is 439932703 a prime number?
False
Is 54089173 prime?
False
Is 110442721 composite?
True
Is 4376257 prime?
False
Is 67818529 prime?
True
Is 20347791 a composite number?
True
Is 151889333 a prime number?
False
Is 883123661 composite?
True
Is 254876023 a composite number?
False
Is 24441601 a prime number?
False
Is 5378